ue
Does 1984 divide 73396096?
True
Is 350 a factor of 578128250?
True
Is 615208767 a multiple of 30?
False
Is 49342753 a multiple of 1273?
True
Is 15396780 a multiple of 42?
True
Is 28431188 a multiple of 834?
False
Is 13 a factor of 544805637?
False
Is 31 a factor of 194118424?
False
Does 164 divide 31284891?
False
Is 117412193 a multiple of 193?
False
Is 4 a factor of 4671499?
False
Is 15 a factor of 2199879662?
False
Is 44301190 a multiple of 1845?
False
Is 27 a factor of 8653446?
True
Does 23 divide 2556995123?
True
Is 8589710 a multiple of 5?
True
Is 9578 a factor of 2897350176?
False
Is 49460348 a multiple of 28?
True
Is 2890555190 a multiple of 15?
False
Is 19460525 a multiple of 5?
True
Does 2352 divide 49747916?
False
Is 9932870 a multiple of 401?
False
Does 503 divide 7321707?
False
Is 218 a factor of 197481840?
True
Does 10 divide 1042484?
False
Is 102 a factor of 78068108?
False
Is 60486136 a multiple of 1037?
True
Is 3301 a factor of 176241166?
False
Does 3 divide 48715396?
False
Is 256617240 a multiple of 22?
True
Is 21 a factor of 2621658195?
False
Is 525309158 a multiple of 8?
False
Is 72249144 a multiple of 5314?
True
Is 1464070843 a multiple of 31?
False
Is 1652 a factor of 103667723?
False
Does 59 divide 21446430?
False
Is 13064268 a multiple of 43?
False
Does 34 divide 1831891440?
True
Does 3740 divide 67781367?
False
Is 27 a factor of 837136024?
False
Is 7678023 a multiple of 110?
False
Is 1138 a factor of 221618603?
False
Does 11 divide 79346454?
True
Does 215 divide 39761885?
True
Is 41 a factor of 69732800?
True
Does 4 divide 3008992?
True
Is 493 a factor of 385277244?
False
Is 117755170 a multiple of 1764?
False
Is 20778909 a multiple of 683?
True
Is 1066 a factor of 433933826?
False
Is 183076784 a multiple of 44?
True
Does 734 divide 234716874?
False
Is 194 a factor of 19327425?
False
Does 275 divide 729549959?
False
Does 96 divide 13152576?
True
Is 372 a factor of 10752768?
False
Is 129808867 a multiple of 67?
False
Does 16 divide 12911258?
False
Is 48 a factor of 1321884263?
False
Is 727 a factor of 287865614?
False
Does 8 divide 28849700?
False
Is 184 a factor of 417891968?
True
Does 210 divide 68913665?
False
Does 16 divide 561501337?
False
Is 83 a factor of 1997025982?
True
Is 43010575 a multiple of 571?
True
Is 720181 a multiple of 329?
True
Does 448 divide 22146959?
False
Is 1929 a factor of 69818521?
False
Is 7538765 a multiple of 9?
False
Does 89 divide 53109237?
True
Does 348 divide 222824899?
False
Does 8 divide 61012904?
True
Is 9 a factor of 113354638?
False
Is 116 a factor of 13127024?
True
Is 153321574 a multiple of 106?
False
Is 8444940 a multiple of 5?
True
Is 163 a factor of 113732598?
True
Is 239152577 a multiple of 38?
False
Does 1533 divide 483889368?
False
Does 172 divide 152220172?
True
Does 2 divide 3469252?
True
Is 1378 a factor of 568509313?
False
Is 13 a factor of 558940899?
False
Is 170878432 a multiple of 137?
False
Is 34758460 a multiple of 643?
False
Does 1400 divide 313913600?
True
Is 105937896 a multiple of 294?
False
Is 17480764 a multiple of 2?
True
Is 165 a factor of 387807688?
False
Does 2266 divide 150878439?
False
Is 376423966 a multiple of 1741?
False
Does 1997 divide 1403055955?
False
Is 1940 a factor of 89646188?
False
Is 3 a factor of 3802803?
True
Does 2 divide 47598648?
True
Is 31 a factor of 573172037?
False
Is 712936926 a multiple of 423?
False
Is 752 a factor of 1372529344?
True
Is 138233584 a multiple of 8?
True
Is 47238180 a multiple of 15?
True
Is 186312765 a multiple of 95?
True
Is 1071 a factor of 40229335?
False
Is 9 a factor of 618642?
True
Is 79382960 a multiple of 5710?
False
Is 9 a factor of 7589335?
False
Is 323 a factor of 66778595?
False
Is 24599614 a multiple of 8?
False
Does 17 divide 143174087?
False
Is 105737457 a multiple of 1561?
True
Is 476 a factor of 5711159?
False
Is 23 a factor of 17525103?
True
Is 29106450 a multiple of 71?
True
Does 11 divide 28994649?
False
Is 750257498 a multiple of 50?
False
Is 2937 a factor of 53882789?
False
Does 38 divide 4427400?
False
Is 3 a factor of 33688179?
True
Is 782293380 a multiple of 34?
False
Is 2395643754 a multiple of 894?
True
Does 45 divide 39207487?
False
Is 15703961 a multiple of 460?
False
Does 14 divide 1249859337?
False
Is 105342663 a multiple of 5?
False
Is 74138917 a multiple of 101?
False
Does 8477 divide 487690287?
True
Is 17 a factor of 2151956972?
False
Is 5257374 a multiple of 6?
True
Is 36 a factor of 1008977?
False
Is 218 a factor of 4612409?
False
Is 7 a factor of 219502689?
True
Does 16 divide 680481760?
True
Is 189 a factor of 137192070?
False
Is 87 a factor of 16862514?
True
Does 2807 divide 991743303?
False
Is 1987822 a multiple of 71?
False
Is 58 a factor of 705283356?
False
Is 634645125 a multiple of 4066?
False
Is 33991686 a multiple of 535?
False
Is 2917615 a multiple of 3?
False
Is 19171250 a multiple of 70?
True
Is 32 a factor of 2749440416?
True
Does 133 divide 54017058?
False
Is 265530897 a multiple of 995?
False
Is 25 a factor of 143036944?
False
Does 301 divide 41890170?
True
Is 1913904982 a multiple of 17?
True
Does 4557 divide 1613241798?
True
Does 2061 divide 750739860?
True
Does 2630 divide 33490420?
True
Is 26 a factor of 146531502?
True
Is 102229938 a multiple of 81?
True
Is 4 a factor of 1720284077?
False
Is 3401411853 a multiple of 346?
False
Does 13 divide 1722807?
False
Is 2227 a factor of 134722028?
False
Is 20329921 a multiple of 9?
False
Is 58770999 a multiple of 299?
False
Does 6 divide 683063772?
True
Is 13 a factor of 173634691?
False
Is 398 a factor of 38333567?
False
Does 19 divide 35833658?
True
Is 10782 a factor of 1475625020?
False
Is 924673992 a multiple of 33?
True
Is 938 a factor of 2114658108?
False
Is 89 a factor of 532309?
True
Is 324337840 a multiple of 10?
True
Does 629 divide 80113843?
True
Is 1158 a factor of 247602402?
True
Does 13 divide 1107790528?
True
Is 4 a factor of 159464392?
True
Is 19 a factor of 1820329242?
False
Is 40232842 a multiple of 494?
True
Does 2525 divide 686877141?
False
Does 1622 divide 30821824?
False
Does 1281 divide 32332575?
False
Does 32 divide 13873197?
False
Is 16 a factor of 18822651?
False
Is 458976120 a multiple of 370?
True
Does 6345 divide 547695066?
False
Does 14 divide 690155174?
False
Is 340 a factor of 41998649?
False
Is 77 a factor of 4077510968?
False
Is 16064741 a multiple of 253?
True
Does 115 divide 155384918?
False
Is 620357760 a multiple of 330?
True
Is 34 a factor of 112839030?
True
Is 17283915 a multiple of 1545?
True
Does 9 divide 61998092?
False
Is 2132995998 a multiple of 41?
False
Is 12527640 a multiple of 30?
True
Is 689 a factor of 587147197?
True
Does 685 divide 1014861362?
False
Is 113284885 a multiple of 330?
False
Is 48138776 a multiple of 2072?
True
Is 690496420 a multiple of 23?
False
Is 419435776 a multiple of 64?
True
Does 1191 divide 430602186?
False
Is 113 a factor of 13965783?
True
Is 43 a factor of 32564545?
True
Is 58 a factor of 735716486?
True
Is 14 a factor of 1201025868?
True
Is 2932295 a multiple of 35?
False
Is 619696256 a multiple of 73?
False
Does 1561 divide 55412223?
False
Is 9400980 a multiple of 30?
True
Is 5 a factor of 93771609?
False
Is 32033298 a multiple of 29?
False
Is 9 a factor of 110241016?
False
Does 68 divide 9899100?
True
Is 1060 a factor of 79700340?
True
Is 8 a factor of 527885480?
True
Is 79 a factor of 1056747055?
True
Is 39 a factor of 77121135?
True
Is 97897250 a multiple of 937?
False
Does 5 divide 72340750?
True
Is 4916 a factor of 115726695?
False
Does 366 divide 11550164?
False
Does 1476 divide 280246644?
True
Does 23 divide 749359918?
True
Does 6 divide 35463422?
False
Is 71 a factor of 46631664?
True
Is 97279644 a multiple of 68?
True
Is 159 a factor of 70909931?
False
Is 921 a factor of 1896974632?
False
Is 31 a factor of 4966347655?
False
Is 1455437240 a multiple of 38?
True
Is 270210185 a multiple of 768?
False
Does 29 divide 1073461653?
False
Is 22 a factor of 366404213?
False
Is 42 a factor of 62178606?
True
Is 79 a factor of 397848503?
True
Is 1316 a factor of 40582808?
True
Does 2 divide 39273855?
False
Is 8 a factor of 17194188?
False
Is 650848 a multiple of 16?
True
Is 16980999 a multiple of 280?
False
Does 176 divide 594526240?
True